{"id":374,"date":"2025-10-17T12:47:55","date_gmt":"2025-10-17T12:47:55","guid":{"rendered":"https:\/\/edano.com.pl\/?page_id=374"},"modified":"2025-10-17T12:57:47","modified_gmt":"2025-10-17T12:57:47","slug":"kontakt","status":"publish","type":"page","link":"https:\/\/edano.com.pl\/index.php\/kontakt\/","title":{"rendered":"KONTAKT"},"content":{"rendered":"\n\n\n<h2>Skontaktuj si\u0119 z nami<\/h2>\n\n\n\n\nP.H.U. EDANO Piotr Styka\u0142a EXTRU ANIMALS<div>U\u015bcikowo Fol. 54a<\/div><div>64-600 Oborniki<\/div><div><br><\/div><div>NIP: 787-134-76-44<\/div><div>REON: 630981450<\/div>\n\n\n+48 61-29-69-217<div>Dzia\u0142 sprzeda\u017cy i zam\u00f3wie\u0144:<\/div><div>+48-781-611-506<\/div><div>+48-533-760-396<\/div><div>Dzia\u0142 ksi\u0119gowo\u015bci:<\/div><div>+48-605-587-210<\/div>\n\n\nbiuro@edano.com.pl&nbsp;<div>Zam\u00f3wienia: aleksandra@edano.com.pl<\/div>\n\n\n","protected":false},"excerpt":{"rendered":"","protected":false},"author":1,"featured_media":0,"parent":0,"menu_order":0,"comment_status":"closed","ping_status":"closed","template":"","meta":{"pagelayer_contact_templates":[],"_pagelayer_content":"","footnotes":""},"class_list":["post-374","page","type-page","status-publish","hentry"],"_links":{"self":[{"href":"https:\/\/edano.com.pl\/index.php\/wp-json\/wp\/v2\/pages\/374","targetHints":{"allow":["GET"]}}],"collection":[{"href":"https:\/\/edano.com.pl\/index.php\/wp-json\/wp\/v2\/pages"}],"about":[{"href":"https:\/\/edano.com.pl\/index.php\/wp-json\/wp\/v2\/types\/page"}],"author":[{"embeddable":true,"href":"https:\/\/edano.com.pl\/index.php\/wp-json\/wp\/v2\/users\/1"}],"replies":[{"embeddable":true,"href":"https:\/\/edano.com.pl\/index.php\/wp-json\/wp\/v2\/comments?post=374"}],"version-history":[{"count":4,"href":"https:\/\/edano.com.pl\/index.php\/wp-json\/wp\/v2\/pages\/374\/revisions"}],"predecessor-version":[{"id":378,"href":"https:\/\/edano.com.pl\/index.php\/wp-json\/wp\/v2\/pages\/374\/revisions\/378"}],"wp:attachment":[{"href":"https:\/\/edano.com.pl\/index.php\/wp-json\/wp\/v2\/media?parent=374"}],"curies":[{"name":"wp","href":"https:\/\/api.w.org\/{rel}","templated":true}]}}